ided by 622.
614
What is the remainder when 143870 is divided by 403?
402
What is the remainder when 5361 is divided by 5344?
17
What is the remainder when 5092 is divided by 79?
36
What is the remainder when 2044 is divided by 126?
28
Calculate the remainder when 402138 is divided by 283.
278
What is the remainder when 7360 is divided by 503?
318
What is the remainder when 1036 is divided by 74?
0
What is the remainder when 4984927 is divided by 10?
7
What is the remainder when 15398 is divided by 14?
12
Calculate the remainder when 8807 is divided by 192.
167
What is the remainder when 2034 is divided by 674?
12
Calculate the remainder when 169575 is divided by 305.
300
Calculate the remainder when 6810 is divided by 532.
426
Calculate the remainder when 8066 is divided by 4025.
16
Calculate the remainder when 117646 is divided by 117642.
4
Calculate the remainder when 11249 is divided by 26.
17
What is the remainder when 1694 is divided by 1625?
69
What is the remainder when 15661 is divided by 373?
368
What is the remainder when 33064 is divided by 337?
38
What is the remainder when 15783 is divided by 15?
3
What is the remainder when 20793 is divided by 39?
6
What is the remainder when 30604 is divided by 195?
184
What is the remainder when 50673 is divided by 766?
117
What is the remainder when 780 is divided by 70?
10
Calculate the remainder when 22695 is divided by 7.
1
What is the remainder when 12098 is divided by 76?
14
Calculate the remainder when 424437 is divided by 1387.
15
Calculate the remainder when 1201094 is divided by 52.
50
What is the remainder when 151766 is divided by 21?
20
Calculate the remainder when 7008 is divided by 29.
19
What is the remainder when 45571 is divided by 45515?
56
What is the remainder when 581 is divided by 20?
1
Calculate the remainder when 1285 is divided by 161.
158
What is the remainder when 169212 is divided by 34?
28
Calculate the remainder when 1623 is divided by 436.
315
Calculate the remainder when 61004 is divided by 60921.
83
Calculate the remainder when 79036 is divided by 11.
1
Calculate the remainder when 11181 is divided by 31.
21
Calculate the remainder when 959 is divided by 318.
5
Calculate the remainder when 3789 is divided by 317.
302
Calculate the remainder when 203191 is divided by 434.
79
Calculate the remainder when 140970 is divided by 65.
50
What is the remainder when 1445 is divided by 1406?
39
What is the remainder when 286569 is divided by 26048?
41
What is the remainder when 29164 is divided by 1037?
128
What is the remainder when 28003 is divided by 11?
8
What is the remainder when 6542 is divided by 2177?
11
Calculate the remainder when 10256157 is divided by 184.
181
What is the remainder when 31414 is divided by 616?
614
What is the remainder when 5647 is divided by 70?
47
What is the remainder when 27422 is divided by 6827?
114
Calculate the remainder when 21923 is divided by 3130.
13
Calculate the remainder when 37806 is divided by 540.
6
Calculate the remainder when 59491 is divided by 211.
200
What is the remainder when 7935 is divided by 4?
3
What is the remainder when 49484 is divided by 93?
8
Calculate the remainder when 68782 is divided by 22925.
7
What is the remainder when 8491 is divided by 107?
38
Calculate the remainder when 164745 is divided by 255.
15
Calculate the remainder when 7989 is divided by 18.
15
Calculate the remainder when 23843 is divided by 795.
788
What is the remainder when 102772 is divided by 47?
30
Calculate the remainder when 16192 is divided by 172.
24
Calculate the remainder when 137694 is divided by 1601.
8
Calculate the remainder when 239 is divided by 18.
5
Calculate the remainder when 1170 is divided by 218.
80
Calculate the remainder when 40198 is divided by 335.
333
Calculate the remainder when 1063 is divided by 242.
95
What is the remainder when 39814 is divided by 19877?
60
What is the remainder when 9353 is divided by 59?
31
Calculate the remainder when 4440 is divided by 1439.
123
What is the remainder when 733 is divided by 15?
13
What is the remainder when 8171 is divided by 1167?
2
Calculate the remainder when 2282 is divided by 27.
14
What is the remainder when 429625 is divided by 10?
5
What is the remainder when 14604 is divided by 108?
24
What is the remainder when 174625 is divided by 87283?
59
Calculate the remainder when 933430 is divided by 68.
62
Calculate the remainder when 160886 is divided by 169.
167
What is the remainder when 1401916 is divided by 23?
20
What is the remainder when 763 is divided by 152?
3
What is the remainder when 2578679 is divided by 389?
387
Calculate the remainder when 8893 is divided by 1108.
29
What is the remainder when 1425190 is divided by 7?
4
What is the remainder when 5980 is divided by 181?
7
Calculate the remainder when 2482915 is divided by 2633.
2629
What is the remainder when 13846 is divided by 1241?
195
What is the remainder when 14200 is divided by 458?
2
Calculate the remainder when 2929 is divided by 197.
171
What is the remainder when 191007 is divided by 191007?
0
Calculate the remainder when 167129 is divided by 433.
424
Calculate the remainder when 131015 is divided by 424.
423
Calculate the remainder when 24229 is divided by 3460.
9
Calculate the remainder when 8219 is divided by 54.
11
Calculate the remainder when 1495 is divided by 195.
130
Calculate the remainder when 1652045 is divided by 94.
89
What is the remainder when 6391 is divided by 393?
103
Calculate the remainder when 5554 is divided by 135.
19
What is the remainder when 88895 is divided by 10?
5
Calculate the remainder when 21644 is divided by 50.
44
What is the remainder when 6596 is divided by 89?
10
Calculate the remainder when 1907 is divided by 153.
71
Calculate the remainder when 164368 is divided by 164366.
2
Calculate the remainder when 4364 is divided by 163.
126
Calculate the remainder when 20092 is divided by 5003.
80
What is the remainder when 7148 is divided by 159?
152
What is the remainder when 1371 is divided by 654?
63
Calculate the remainder when 267864 is divided by 5054.
2
Calculate the remainder when 1641356 is divided by 53.
52
Calculate the remainder when 15618 is divided by 158.
134
What is the remainder when 325373 is divided by 256?
253
Calculate the remainder when 4009 is divided by 35.
19
Calculate the remainder when 25432 is divided by 397.
24
Calculate the remainder when 15843 is divided by 17.
16
Calculate the remainder when 4283 is divided by 1421.
20
Calculate the remainder when 694 is divided by 477.
217
What is the remainder when 295800 is divided by 26?
24
What is the remainder when 603 is divided by 7?
1
Calculate the remainder when 905581 is divided by 113.
112
What is the remainder when 10719 is divided by 4969?
781
Calculate the remainder when 6207 is divided by 45.
42
Calculate the remainder when 49772 is divided by 348.
8
What is the remainder when 1567216 is divided by 29?
27
Calculate the remainder when 3080 is divided by 1019.
23
Calculate the remainder when 1458 is divided by 292.
290
What is the remainder when 6798 is divided by 26?
12
What is the remainder when 6896 is divided by 11?
10
What is the remainder when 412299 is divided by 22?
19
Calculate the remainder when 889899 is divided by 177978.
9
What is the remainder when 95801 is divided by 240?
41
Calculate the remainder when 49340 is divided by 118.
16
What is the remainder when 8026 is divided by 642?
322
What is the remainder when 221335 is divided by 17?
12
What is the remainder when 168233 is divided by 64?
41
What is the remainder when 61892 is divided by 27?
8
Calculate the remainder when 395 is divided by 125.
20
Calculate the remainder when 4210 is divided by 32.
18
Calculate the remainder when 40707 is divided by 156.
147
Calculate the remainder when 9899 is divided by 243.
179
Calculate the remainder when 417895 is divided by 34.
1
What is the remainder when 3598 is divided by 48?
46
What is the remainder when 210457 is divided by 41?
4
What is the remainder when 303181 is divided by 218?
161
Calculate the remainder when 95645 is divided by 1772.
1729
Calculate the remainder when 6567 is divided by 177.
18
What is the remainder when 43530 is divided by 253?
14
Calculate the